{"version":"1.0","provider_name":"Trisca","provider_url":"https:\/\/trisca.pt\/en","author_name":"utilizadortrisca","author_url":"https:\/\/trisca.pt\/en\/author\/utilizadortrisca\/","title":"Sofa\u0301 de Brac\u0327os Decorado - Trisca","type":"rich","width":600,"height":338,"html":"<blockquote class=\"wp-embedded-content\" data-secret=\"CAEsus59Fm\"><a href=\"https:\/\/trisca.pt\/en\/product\/sofa-bracos-decorado\/\">Decorated armchair<\/a><\/blockquote><iframe sandbox=\"allow-scripts\" security=\"restricted\" src=\"https:\/\/trisca.pt\/en\/product\/sofa-bracos-decorado\/embed\/#?secret=CAEsus59Fm\" width=\"600\" height=\"338\" title=\"&#8220;Sofa\u0301 de Brac\u0327os Decorado&#8221; &#8212; Trisca\" data-secret=\"CAEsus59Fm\" frameborder=\"0\" marginwidth=\"0\" marginheight=\"0\" scrolling=\"no\" class=\"wp-embedded-content\"><\/iframe><script>\n\/*! This file is auto-generated *\/\n!function(d,l){\"use strict\";l.querySelector&&d.addEventListener&&\"undefined\"!=typeof URL&&(d.wp=d.wp||{},d.wp.receiveEmbedMessage||(d.wp.receiveEmbedMessage=function(e){var t=e.data;if((t||t.secret||t.message||t.value)&&!\/[^a-zA-Z0-9]\/.test(t.secret)){for(var s,r,n,a=l.querySelectorAll('iframe[data-secret=\"'+t.secret+'\"]'),o=l.querySelectorAll('blockquote[data-secret=\"'+t.secret+'\"]'),c=new RegExp(\"^https?:$\",\"i\"),i=0;i<o.length;i++)o[i].style.display=\"none\";for(i=0;i<a.length;i++)s=a[i],e.source===s.contentWindow&&(s.removeAttribute(\"style\"),\"height\"===t.message?(1e3<(r=parseInt(t.value,10))?r=1e3:~~r<200&&(r=200),s.height=r):\"link\"===t.message&&(r=new URL(s.getAttribute(\"src\")),n=new URL(t.value),c.test(n.protocol))&&n.host===r.host&&l.activeElement===s&&(d.top.location.href=t.value))}},d.addEventListener(\"message\",d.wp.receiveEmbedMessage,!1),l.addEventListener(\"DOMContentLoaded\",function(){for(var e,t,s=l.querySelectorAll(\"iframe.wp-embedded-content\"),r=0;r<s.length;r++)(t=(e=s[r]).getAttribute(\"data-secret\"))||(t=Math.random().toString(36).substring(2,12),e.src+=\"#?secret=\"+t,e.setAttribute(\"data-secret\",t)),e.contentWindow.postMessage({message:\"ready\",secret:t},\"*\")},!1)))}(window,document);\n\/\/# sourceURL=https:\/\/trisca.pt\/wp-includes\/js\/wp-embed.min.js\n<\/script>","thumbnail_url":"https:\/\/trisca.pt\/wp-content\/uploads\/2022\/06\/3234-Sofa\u0301-de-brac\u0327os-decorado-55x45x45cm-assento-20cm.jpg","thumbnail_width":800,"thumbnail_height":800,"description":"Idade recomendada Sem ftalatos Resistente ao fogo (M2) Fabricado na Uni\u00e3o Europeia    Sof\u00e1 individual com bra\u00e7os decorado com um padr\u00e3o \u00e0 escolha (ver aqui os padr\u00f5es dispon\u00edveis). Fabricado em tela lav\u00e1vel e imperme\u00e1vel e interior em espuma. Com fundo antiderrapante.  Medidas: 55 x 45 x 45 cm (altura do assento: 20 cm)"}

Idade recomendada Sem ftalatos Resistente ao fogo (M2) Fabricado na União Europeia    Sofá individual com braços decorado com um padrão à escolha (ver aqui os padrões disponíveis). Fabricado em tela lavável e impermeável e interior em espuma. Com fundo antiderrapante.  Medidas: 55 x 45 x 45 cm (altura do assento: 20 cm)
